{"id":30,"date":"2020-04-03T17:47:39","date_gmt":"2020-04-03T17:47:39","guid":{"rendered":"https:\/\/asv-feudenheim.de\/?page_id=30"},"modified":"2022-12-12T14:06:11","modified_gmt":"2022-12-12T14:06:11","slug":"sponsoren","status":"publish","type":"page","link":"https:\/\/asv-feudenheim.de\/index.php\/sponsoren\/","title":{"rendered":"Sponsoren"},"content":{"rendered":"\t\t<div data-elementor-type=\"wp-page\" data-elementor-id=\"30\" class=\"elementor elementor-30\">\n\t\t\t\t\t\t<section class=\"elementor-section elementor-top-section elementor-element elementor-element-6cd792e elementor-section-boxed elementor-section-height-default elementor-section-height-default\" data-id=\"6cd792e\" data-element_type=\"section\" data-e-type=\"section\">\n\t\t\t\t\t\t<div class=\"elementor-container elementor-column-gap-default\">\n\t\t\t\t\t<div class=\"elementor-column elementor-col-100 elementor-top-column elementor-element elementor-element-9bdcac6\" data-id=\"9bdcac6\" data-element_type=\"column\" data-e-type=\"column\">\n\t\t\t<div class=\"elementor-widget-wrap elementor-element-populated\">\n\t\t\t\t\t\t<div class=\"elementor-element elementor-element-e51c762 elementor-widget elementor-widget-heading\" data-id=\"e51c762\" data-element_type=\"widget\" data-e-type=\"widget\" data-widget_type=\"heading.default\">\n\t\t\t\t<div class=\"elementor-widget-container\">\n\t\t\t\t\t<h2 class=\"elementor-heading-title elementor-size-xl\">Unsere Partner und Sponsoren<\/h2>\t\t\t\t<\/div>\n\t\t\t\t<\/div>\n\t\t\t\t<div class=\"elementor-element elementor-element-6abff8b elementor-widget elementor-widget-spacer\" data-id=\"6abff8b\" data-element_type=\"widget\" data-e-type=\"widget\" data-widget_type=\"spacer.default\">\n\t\t\t\t<div class=\"elementor-widget-container\">\n\t\t\t\t\t\t\t<div class=\"elementor-spacer\">\n\t\t\t<div class=\"elementor-spacer-inner\"><\/div>\n\t\t<\/div>\n\t\t\t\t\t\t<\/div>\n\t\t\t\t<\/div>\n\t\t\t\t\t<\/div>\n\t\t<\/div>\n\t\t\t\t\t<\/div>\n\t\t<\/section>\n\t\t\t\t<section class=\"elementor-section elementor-top-section elementor-element elementor-element-baede7b elementor-section-boxed elementor-section-height-default elementor-section-height-default\" data-id=\"baede7b\" data-element_type=\"section\" data-e-type=\"section\">\n\t\t\t\t\t\t<div class=\"elementor-container elementor-column-gap-default\">\n\t\t\t\t\t<div class=\"elementor-column elementor-col-100 elementor-top-column elementor-element elementor-element-a0c254a\" data-id=\"a0c254a\" data-element_type=\"column\" data-e-type=\"column\">\n\t\t\t<div class=\"elementor-widget-wrap elementor-element-populated\">\n\t\t\t\t\t\t<div class=\"elementor-element elementor-element-3741ae5 elementor-widget elementor-widget-heading\" data-id=\"3741ae5\" data-element_type=\"widget\" data-e-type=\"widget\" data-widget_type=\"heading.default\">\n\t\t\t\t<div class=\"elementor-widget-container\">\n\t\t\t\t\t<h2 class=\"elementor-heading-title elementor-size-default\">Werden auch Sie unser Partner...<\/h2>\t\t\t\t<\/div>\n\t\t\t\t<\/div>\n\t\t\t\t\t<\/div>\n\t\t<\/div>\n\t\t\t\t\t<\/div>\n\t\t<\/section>\n\t\t\t\t<section class=\"elementor-section elementor-top-section elementor-element elementor-element-f627a95 elementor-section-boxed elementor-section-height-default elementor-section-height-default\" data-id=\"f627a95\" data-element_type=\"section\" data-e-type=\"section\">\n\t\t\t\t\t\t<div class=\"elementor-container elementor-column-gap-default\">\n\t\t\t\t\t<div class=\"elementor-column elementor-col-100 elementor-top-column elementor-element elementor-element-33aa2a8\" data-id=\"33aa2a8\" data-element_type=\"column\" data-e-type=\"column\">\n\t\t\t<div class=\"elementor-widget-wrap elementor-element-populated\">\n\t\t\t\t\t\t<div class=\"elementor-element elementor-element-80e8608 elementor-widget elementor-widget-text-editor\" data-id=\"80e8608\" data-element_type=\"widget\" data-e-type=\"widget\" data-widget_type=\"text-editor.default\">\n\t\t\t\t<div class=\"elementor-widget-container\">\n\t\t\t\t\t\t\t\t\t<p>&#8230;und profitieren Sie von zahlreichen Vorteilen als Partner und Sponsor des ASV Feudenheim. Ob mit einer Bandenwerbung, einer Anzeige im Stadionheft, Trikotwerbung oder einem Online-Banner. Wir pr\u00e4sentieren Ihr Unternehmen\u00a0 in einem ordentlichen und modernen Rahmen und garantieren eine ausgezeichnete Reichweite Ihrer Werbung. Die positive PR und die F\u00f6rderung Ihres Unternehmensimage ist damit selbstverst\u00e4ndlich auch gew\u00e4hrleistet.\u00a0<\/p><p>Nutzen Sie das Potenzial des ASV Feudenheim, wir k\u00f6nnen Ihnen unz\u00e4hlige Vermarktungsfl\u00e4chen anbieten. Werden Sie ein F\u00f6rderer unserer Jugendarbeit und das Aush\u00e4ngeschild der Herrenmannschaften. Wir wollen der Partner an IHRER Seite sein.<\/p><p><strong>Wir freuen uns auf Sie!\u00a0<\/strong>\u00a0<\/p>\t\t\t\t\t\t\t\t<\/div>\n\t\t\t\t<\/div>\n\t\t\t\t\t<\/div>\n\t\t<\/div>\n\t\t\t\t\t<\/div>\n\t\t<\/section>\n\t\t\t\t<section class=\"elementor-section elementor-top-section elementor-element elementor-element-eb8d84c elementor-section-boxed elementor-section-height-default elementor-section-height-default\" data-id=\"eb8d84c\" data-element_type=\"section\" data-e-type=\"section\">\n\t\t\t\t\t\t<div class=\"elementor-container elementor-column-gap-default\">\n\t\t\t\t\t<div class=\"elementor-column elementor-col-50 elementor-top-column elementor-element elementor-element-7debb60\" data-id=\"7debb60\" data-element_type=\"column\" data-e-type=\"column\">\n\t\t\t<div class=\"elementor-widget-wrap elementor-element-populated\">\n\t\t\t\t\t\t<div class=\"elementor-element elementor-element-58d183a elementor-widget elementor-widget-image\" data-id=\"58d183a\" data-element_type=\"widget\" data-e-type=\"widget\" data-widget_type=\"image.default\">\n\t\t\t\t<div class=\"elementor-widget-container\">\n\t\t\t\t\t\t\t\t\t\t\t\t\t\t\t\t<a href=\"https:\/\/www.lw-abwassertechnik.de\/\">\n\t\t\t\t\t\t\t<img fetchpriority=\"high\" decoding=\"async\" width=\"769\" height=\"70\" src=\"https:\/\/i0.wp.com\/asv-feudenheim.de\/wp-content\/uploads\/2022\/12\/LW.jpg?fit=769%2C70&amp;ssl=1\" class=\"attachment-large size-large wp-image-1457\" alt=\"\" srcset=\"https:\/\/i0.wp.com\/asv-feudenheim.de\/wp-content\/uploads\/2022\/12\/LW.jpg?w=769&amp;ssl=1 769w, https:\/\/i0.wp.com\/asv-feudenheim.de\/wp-content\/uploads\/2022\/12\/LW.jpg?resize=300%2C27&amp;ssl=1 300w\" sizes=\"(max-width: 769px) 100vw, 769px\" \/>\t\t\t\t\t\t\t\t<\/a>\n\t\t\t\t\t\t\t\t\t\t\t\t\t\t\t<\/div>\n\t\t\t\t<\/div>\n\t\t\t\t\t<\/div>\n\t\t<\/div>\n\t\t\t\t<div class=\"elementor-column elementor-col-50 elementor-top-column elementor-element elementor-element-19120f5\" data-id=\"19120f5\" data-element_type=\"column\" data-e-type=\"column\">\n\t\t\t<div class=\"elementor-widget-wrap elementor-element-populated\">\n\t\t\t\t\t\t<div class=\"elementor-element elementor-element-800fc4f elementor-widget elementor-widget-text-editor\" data-id=\"800fc4f\" data-element_type=\"widget\" data-e-type=\"widget\" data-widget_type=\"text-editor.default\">\n\t\t\t\t<div class=\"elementor-widget-container\">\n\t\t\t\t\t\t\t\t\t<p>Wenn Wassersch\u00e4den drohen, ist Schnelligkeit gefragt. Wir sind immer schnell zur Stelle; sollte es sich jedoch um einen Notfall handeln, sind wir auch 24h an 7 Tagen in der Woche erreichbar.<\/p><ul><li class=\"smallsubtitle\">Rohrreinigung<\/li><li class=\"smallsubtitle\">Kamera-Inspektionen<\/li><li>Leitungsortung<\/li><li>R\u00fcckstausicherungen<\/li><li class=\"smallsubtitle\">Dichtheitspr\u00fcfungen<\/li><li class=\"smallsubtitle\">Reparaturen<\/li><li class=\"smallsubtitle\">Sanierungen<\/li><\/ul>\t\t\t\t\t\t\t\t<\/div>\n\t\t\t\t<\/div>\n\t\t\t\t\t<\/div>\n\t\t<\/div>\n\t\t\t\t\t<\/div>\n\t\t<\/section>\n\t\t\t\t<section class=\"elementor-section elementor-top-section elementor-element elementor-element-1888950 elementor-section-boxed elementor-section-height-default elementor-section-height-default\" data-id=\"1888950\" data-element_type=\"section\" data-e-type=\"section\">\n\t\t\t\t\t\t<div class=\"elementor-container elementor-column-gap-default\">\n\t\t\t\t\t<div class=\"elementor-column elementor-col-50 elementor-top-column elementor-element elementor-element-aaeb1e1\" data-id=\"aaeb1e1\" data-element_type=\"column\" data-e-type=\"column\">\n\t\t\t<div class=\"elementor-widget-wrap elementor-element-populated\">\n\t\t\t\t\t\t<div class=\"elementor-element elementor-element-33440c1 elementor-widget elementor-widget-image\" data-id=\"33440c1\" data-element_type=\"widget\" data-e-type=\"widget\" data-widget_type=\"image.default\">\n\t\t\t\t<div class=\"elementor-widget-container\">\n\t\t\t\t\t\t\t\t\t\t\t\t\t\t\t\t<a href=\"https:\/\/www.berberich-egner.de\/de\/index_0__1_sp1_1.html\" target=\"_blank\">\n\t\t\t\t\t\t\t<img decoding=\"async\" width=\"300\" height=\"141\" src=\"https:\/\/i0.wp.com\/asv-feudenheim.de\/wp-content\/uploads\/2022\/12\/be.jpg?fit=300%2C141&amp;ssl=1\" class=\"attachment-large size-large wp-image-1456\" alt=\"\" \/>\t\t\t\t\t\t\t\t<\/a>\n\t\t\t\t\t\t\t\t\t\t\t\t\t\t\t<\/div>\n\t\t\t\t<\/div>\n\t\t\t\t\t<\/div>\n\t\t<\/div>\n\t\t\t\t<div class=\"elementor-column elementor-col-50 elementor-top-column elementor-element elementor-element-9729d45\" data-id=\"9729d45\" data-element_type=\"column\" data-e-type=\"column\">\n\t\t\t<div class=\"elementor-widget-wrap elementor-element-populated\">\n\t\t\t\t\t\t<div class=\"elementor-element elementor-element-9651c65 elementor-widget elementor-widget-text-editor\" data-id=\"9651c65\" data-element_type=\"widget\" data-e-type=\"widget\" data-widget_type=\"text-editor.default\">\n\t\t\t\t<div class=\"elementor-widget-container\">\n\t\t\t\t\t\t\t\t\t<p><span style=\"font-family: Roboto, Arial; font-size: 14.04px; font-style: normal; font-variant-ligatures: normal; font-variant-caps: normal; font-weight: 400; background-color: #ffffff;\">Wir sind Ihre Immobilienmakler\u00a0f\u00fcr Mannheim, den Rhein-Neckar-Kreis und die Vorderpfalz.\u00a0Nach zusammengenommen 20\u00a0Jahren Berufserfahrung, wissen wir\u00a0genau, was auf Sie zukommt. Bereits seit 9 Jahren sind wir ein eingespieltes Team und mit unserem immobilienwirtschaftlichen und\u00a0bankkaufm\u00e4nnischen Hintergrund bieten wir Ihnen eine professionelle Betreuung beim Verkauf und der Vermietung Ihrer Immobilie. Als erfahrene Immobilienmakler unterst\u00fctzen wir Sie bei Ihrem Vorhaben mit fundiertem Wissen und begleiten\u00a0Sie w\u00e4hrend des gesamten Prozesses &#8211; auch danach sind wir gerne Ihre kompetenten Ansprechpartner, wenn es um Immobilien geht.\u00a0Vertrauen Sie auf zwei Mannheimerinnen, die seit Jahren\u00a0in der Metropolregion Rhein &#8211; Neckar als Immobilienmakler erfolgreich sind und sich hier zuhause f\u00fchlen!<\/span><\/p>\t\t\t\t\t\t\t\t<\/div>\n\t\t\t\t<\/div>\n\t\t\t\t\t<\/div>\n\t\t<\/div>\n\t\t\t\t\t<\/div>\n\t\t<\/section>\n\t\t\t\t<section class=\"elementor-section elementor-top-section elementor-element elementor-element-e6c6ba1 elementor-section-boxed elementor-section-height-default elementor-section-height-default\" data-id=\"e6c6ba1\" data-element_type=\"section\" data-e-type=\"section\">\n\t\t\t\t\t\t<div class=\"elementor-container elementor-column-gap-default\">\n\t\t\t\t\t<div class=\"elementor-column elementor-col-50 elementor-top-column elementor-element elementor-element-b51cd5a\" data-id=\"b51cd5a\" data-element_type=\"column\" data-e-type=\"column\">\n\t\t\t<div class=\"elementor-widget-wrap elementor-element-populated\">\n\t\t\t\t\t\t<div class=\"elementor-element elementor-element-5c9f8f5 elementor-widget elementor-widget-image\" data-id=\"5c9f8f5\" data-element_type=\"widget\" data-e-type=\"widget\" data-widget_type=\"image.default\">\n\t\t\t\t<div class=\"elementor-widget-container\">\n\t\t\t\t\t\t\t\t\t\t\t\t\t\t\t\t<a href=\"https:\/\/www.bewaesserungstechnik-capan.de\/\">\n\t\t\t\t\t\t\t<img decoding=\"async\" width=\"321\" height=\"85\" src=\"https:\/\/i0.wp.com\/asv-feudenheim.de\/wp-content\/uploads\/2022\/12\/capan.jpg?fit=321%2C85&amp;ssl=1\" class=\"attachment-large size-large wp-image-1454\" alt=\"\" srcset=\"https:\/\/i0.wp.com\/asv-feudenheim.de\/wp-content\/uploads\/2022\/12\/capan.jpg?w=321&amp;ssl=1 321w, https:\/\/i0.wp.com\/asv-feudenheim.de\/wp-content\/uploads\/2022\/12\/capan.jpg?resize=300%2C79&amp;ssl=1 300w\" sizes=\"(max-width: 321px) 100vw, 321px\" \/>\t\t\t\t\t\t\t\t<\/a>\n\t\t\t\t\t\t\t\t\t\t\t\t\t\t\t<\/div>\n\t\t\t\t<\/div>\n\t\t\t\t\t<\/div>\n\t\t<\/div>\n\t\t\t\t<div class=\"elementor-column elementor-col-50 elementor-top-column elementor-element elementor-element-42f9eca\" data-id=\"42f9eca\" data-element_type=\"column\" data-e-type=\"column\">\n\t\t\t<div class=\"elementor-widget-wrap elementor-element-populated\">\n\t\t\t\t\t\t<div class=\"elementor-element elementor-element-157ede6 elementor-widget elementor-widget-text-editor\" data-id=\"157ede6\" data-element_type=\"widget\" data-e-type=\"widget\" data-widget_type=\"text-editor.default\">\n\t\t\t\t<div class=\"elementor-widget-container\">\n\t\t\t\t\t\t\t\t\t<div><span class=\"font-size-22 lh-1\">Ihr Ansprechpartner f\u00fcr vollautomatische Bew\u00e4sserungsanlagen<\/span><\/div><div id=\"1420416287\" class=\"u_1420416287 dmNewParagraph\"><div data-inject=\"home-At13row9Paragraph\"><span class=\"m-specific m-font-size-14 lh-1\"><span>Wir bieten Ihnen vollkommen automatisierte Bew\u00e4sserungssysteme von Hunter und Rainbird ob Garten, Park, ihre Privatanlage oder \u00f6ffentlicher Raum.<br \/><\/span><\/span><\/div><div data-inject=\"home-At13row9Paragraph\"><span class=\"m-specific m-font-size-14 lh-1\"><span>\u00a0<\/span><\/span><\/div><div data-inject=\"home-At13row9Paragraph\"><span class=\"m-specific m-font-size-14 lh-1\"><span>Mit \u00fcber 25 Jahren Erfahrung in der Branche und das dazu ben\u00f6tigte Know-how, sind wir der beste Ansprechpartner f\u00fcr vollautomatische Beregnungsanlagen und erledigen unsere Arbeit zu ihrer vollsten Zufriedenheit.<\/span><\/span><\/div><\/div>\t\t\t\t\t\t\t\t<\/div>\n\t\t\t\t<\/div>\n\t\t\t\t\t<\/div>\n\t\t<\/div>\n\t\t\t\t\t<\/div>\n\t\t<\/section>\n\t\t\t\t<section class=\"elementor-section elementor-top-section elementor-element elementor-element-60b77fa elementor-section-boxed elementor-section-height-default elementor-section-height-default\" data-id=\"60b77fa\" data-element_type=\"section\" data-e-type=\"section\">\n\t\t\t\t\t\t<div class=\"elementor-container elementor-column-gap-default\">\n\t\t\t\t\t<div class=\"elementor-column elementor-col-50 elementor-top-column elementor-element elementor-element-51bf418\" data-id=\"51bf418\" data-element_type=\"column\" data-e-type=\"column\">\n\t\t\t<div class=\"elementor-widget-wrap elementor-element-populated\">\n\t\t\t\t\t\t<div class=\"elementor-element elementor-element-e63fc8e elementor-widget elementor-widget-image\" data-id=\"e63fc8e\" data-element_type=\"widget\" data-e-type=\"widget\" data-widget_type=\"image.default\">\n\t\t\t\t<div class=\"elementor-widget-container\">\n\t\t\t\t\t\t\t\t\t\t\t\t\t\t\t\t<a href=\"https:\/\/bentzinger.mannheimer.de\/\">\n\t\t\t\t\t\t\t<img loading=\"lazy\" decoding=\"async\" width=\"433\" height=\"76\" src=\"https:\/\/i0.wp.com\/asv-feudenheim.de\/wp-content\/uploads\/2022\/12\/MM.jpg?fit=433%2C76&amp;ssl=1\" class=\"attachment-medium_large size-medium_large wp-image-1455\" alt=\"\" srcset=\"https:\/\/i0.wp.com\/asv-feudenheim.de\/wp-content\/uploads\/2022\/12\/MM.jpg?w=433&amp;ssl=1 433w, https:\/\/i0.wp.com\/asv-feudenheim.de\/wp-content\/uploads\/2022\/12\/MM.jpg?resize=300%2C53&amp;ssl=1 300w\" sizes=\"(max-width: 433px) 100vw, 433px\" \/>\t\t\t\t\t\t\t\t<\/a>\n\t\t\t\t\t\t\t\t\t\t\t\t\t\t\t<\/div>\n\t\t\t\t<\/div>\n\t\t\t\t\t<\/div>\n\t\t<\/div>\n\t\t\t\t<div class=\"elementor-column elementor-col-50 elementor-top-column elementor-element elementor-element-8107a4d\" data-id=\"8107a4d\" data-element_type=\"column\" data-e-type=\"column\">\n\t\t\t<div class=\"elementor-widget-wrap elementor-element-populated\">\n\t\t\t\t\t\t<div class=\"elementor-element elementor-element-c52a8fe elementor-widget elementor-widget-text-editor\" data-id=\"c52a8fe\" data-element_type=\"widget\" data-e-type=\"widget\" data-widget_type=\"text-editor.default\">\n\t\t\t\t<div class=\"elementor-widget-container\">\n\t\t\t\t\t\t\t\t\t<p class=\"title h1\"><strong>Bezirksdirektion Bentzinger &amp; Janczewski<\/strong><\/p><p class=\"title h3\">Ihr starker Partner in Ilvesheim und Erpolzheim<\/p>\t\t\t\t\t\t\t\t<\/div>\n\t\t\t\t<\/div>\n\t\t\t\t\t<\/div>\n\t\t<\/div>\n\t\t\t\t\t<\/div>\n\t\t<\/section>\n\t\t\t\t<\/div>\n\t\t","protected":false},"excerpt":{"rendered":"<p>Unsere Partner und Sponsoren Werden auch Sie unser Partner&#8230; &#8230;und profitieren Sie von zahlreichen Vorteilen als Partner und Sponsor des ASV Feudenheim. Ob mit einer Bandenwerbung, einer Anzeige im Stadionheft, Trikotwerbung oder einem Online-Banner. Wir pr\u00e4sentieren Ihr Unternehmen\u00a0 in einem ordentlichen und modernen Rahmen und garantieren eine ausgezeichnete Reichweite Ihrer Werbung. Die positive PR und [&hellip;]<\/p>\n","protected":false},"author":5,"featured_media":0,"parent":0,"menu_order":0,"comment_status":"closed","ping_status":"closed","template":"","meta":{"ocean_post_layout":"full-screen","ocean_both_sidebars_style":"","ocean_both_sidebars_content_width":0,"ocean_both_sidebars_sidebars_width":0,"ocean_sidebar":"0","ocean_second_sidebar":"0","ocean_disable_margins":"enable","ocean_add_body_class":"","ocean_shortcode_before_top_bar":"","ocean_shortcode_after_top_bar":"","ocean_shortcode_before_header":"","ocean_shortcode_after_header":"","ocean_has_shortcode":"","ocean_shortcode_after_title":"","ocean_shortcode_before_footer_widgets":"","ocean_shortcode_after_footer_widgets":"","ocean_shortcode_before_footer_bottom":"","ocean_shortcode_after_footer_bottom":"","ocean_display_top_bar":"on","ocean_display_header":"on","ocean_header_style":"","ocean_center_header_left_menu":"0","ocean_custom_header_template":"0","ocean_custom_logo":0,"ocean_custom_retina_logo":0,"ocean_custom_logo_max_width":0,"ocean_custom_logo_tablet_max_width":0,"ocean_custom_logo_mobile_max_width":0,"ocean_custom_logo_max_height":0,"ocean_custom_logo_tablet_max_height":0,"ocean_custom_logo_mobile_max_height":0,"ocean_header_custom_menu":"0","ocean_menu_typo_font_family":"0","ocean_menu_typo_font_subset":"","ocean_menu_typo_font_size":0,"ocean_menu_typo_font_size_tablet":0,"ocean_menu_typo_font_size_mobile":0,"ocean_menu_typo_font_size_unit":"px","ocean_menu_typo_font_weight":"","ocean_menu_typo_font_weight_tablet":"","ocean_menu_typo_font_weight_mobile":"","ocean_menu_typo_transform":"","ocean_menu_typo_transform_tablet":"","ocean_menu_typo_transform_mobile":"","ocean_menu_typo_line_height":0,"ocean_menu_typo_line_height_tablet":0,"ocean_menu_typo_line_height_mobile":0,"ocean_menu_typo_line_height_unit":"","ocean_menu_typo_spacing":0,"ocean_menu_typo_spacing_tablet":0,"ocean_menu_typo_spacing_mobile":0,"ocean_menu_typo_spacing_unit":"","ocean_menu_link_color":"","ocean_menu_link_color_hover":"","ocean_menu_link_color_active":"","ocean_menu_link_background":"","ocean_menu_link_hover_background":"","ocean_menu_link_active_background":"","ocean_menu_social_links_bg":"","ocean_menu_social_hover_links_bg":"","ocean_menu_social_links_color":"","ocean_menu_social_hover_links_color":"","ocean_disable_title":"on","ocean_disable_heading":"default","ocean_post_title":"","ocean_post_subheading":"","ocean_post_title_style":"","ocean_post_title_background_color":"","ocean_post_title_background":0,"ocean_post_title_bg_image_position":"","ocean_post_title_bg_image_attachment":"","ocean_post_title_bg_image_repeat":"","ocean_post_title_bg_image_size":"","ocean_post_title_height":0,"ocean_post_title_bg_overlay":0.5,"ocean_post_title_bg_overlay_color":"","ocean_disable_breadcrumbs":"default","ocean_breadcrumbs_color":"","ocean_breadcrumbs_separator_color":"","ocean_breadcrumbs_links_color":"","ocean_breadcrumbs_links_hover_color":"","ocean_display_footer_widgets":"default","ocean_display_footer_bottom":"default","ocean_custom_footer_template":"0","footnotes":""},"class_list":["post-30","page","type-page","status-publish","hentry","entry"],"jetpack_sharing_enabled":true,"_links":{"self":[{"href":"https:\/\/asv-feudenheim.de\/index.php\/wp-json\/wp\/v2\/pages\/30","targetHints":{"allow":["GET"]}}],"collection":[{"href":"https:\/\/asv-feudenheim.de\/index.php\/wp-json\/wp\/v2\/pages"}],"about":[{"href":"https:\/\/asv-feudenheim.de\/index.php\/wp-json\/wp\/v2\/types\/page"}],"author":[{"embeddable":true,"href":"https:\/\/asv-feudenheim.de\/index.php\/wp-json\/wp\/v2\/users\/5"}],"replies":[{"embeddable":true,"href":"https:\/\/asv-feudenheim.de\/index.php\/wp-json\/wp\/v2\/comments?post=30"}],"version-history":[{"count":0,"href":"https:\/\/asv-feudenheim.de\/index.php\/wp-json\/wp\/v2\/pages\/30\/revisions"}],"wp:attachment":[{"href":"https:\/\/asv-feudenheim.de\/index.php\/wp-json\/wp\/v2\/media?parent=30"}],"curies":[{"name":"wp","href":"https:\/\/api.w.org\/{rel}","templated":true}]}}